2
What is the remainder when 512 is divided by 47?
42
Calculate the remainder when 82 is divided by 37.
8
What is the remainder when 487 is divided by 61?
60
Calculate the remainder when 2033 is divided by 13.
5
What is the remainder when 302 is divided by 77?
71
Calculate the remainder when 96 is divided by 14.
12
What is the remainder when 633 is divided by 283?
67
Calculate the remainder when 537 is divided by 25.
12
What is the remainder when 1646 is divided by 9?
8
What is the remainder when 265 is divided by 97?
71
Calculate the remainder when 854 is divided by 98.
70
What is the remainder when 589 is divided by 37?
34
Calculate the remainder when 222 is divided by 10.
2
What is the remainder when 482 is divided by 121?
119
Calculate the remainder when 29 is divided by 5.
4
Calculate the remainder when 116 is divided by 10.
6
What is the remainder when 46 is divided by 42?
4
What is the remainder when 172 is divided by 33?
7
What is the remainder when 15985 is divided by 15?
10
What is the remainder when 450 is divided by 20?
10
What is the remainder when 6965 is divided by 43?
42
Calculate the remainder when 655 is divided by 655.
0
Calculate the remainder when 56 is divided by 17.
5
What is the remainder when 114 is divided by 39?
36
What is the remainder when 71 is divided by 40?
31
Calculate the remainder when 144 is divided by 32.
16
What is the remainder when 176 is divided by 80?
16
Calculate the remainder when 17 is divided by 10.
7
Calculate the remainder when 367 is divided by 92.
91
What is the remainder when 2359 is divided by 214?
5
What is the remainder when 2198 is divided by 31?
28
What is the remainder when 292 is divided by 86?
34
Calculate the remainder when 486 is divided by 16.
6
Calculate the remainder when 164 is divided by 61.
42
What is the remainder when 219 is divided by 26?
11
What is the remainder when 35 is divided by 10?
5
What is the remainder when 303 is divided by 38?
37
What is the remainder when 123 is divided by 31?
30
Calculate the remainder when 2936 is divided by 172.
12
What is the remainder when 3057 is divided by 20?
17
Calculate the remainder when 2828 is divided by 5.
3
Calculate the remainder when 228 is divided by 68.
24
What is the remainder when 2037 is divided by 120?
117
Calculate the remainder when 14963 is divided by 43.
42
Calculate the remainder when 107 is divided by 32.
11
What is the remainder when 23 is divided by 8?
7
Calculate the remainder when 176 is divided by 18.
14
What is the remainder when 70 is divided by 13?
5
What is the remainder when 55 is divided by 13?
3
Calculate the remainder when 387 is divided by 98.
93
Calculate the remainder when 122 is divided by 50.
22
What is the remainder when 569 is divided by 22?
19
What is the remainder when 892 is divided by 888?
4
Calculate the remainder when 228 is divided by 21.
18
What is the remainder when 539 is divided by 264?
11
What is the remainder when 3034 is divided by 62?
58
Calculate the remainder when 129 is divided by 49.
31
What is the remainder when 491 is divided by 165?
161
Calculate the remainder when 105 is divided by 8.
1
Calculate the remainder when 6359 is divided by 63.
59
What is the remainder when 29 is divided by 10?
9
What is the remainder when 135 is divided by 127?
8
Calculate the remainder when 462 is divided by 30.
12
Calculate the remainder when 27 is divided by 2.
1
What is the remainder when 56 is divided by 9?
2
What is the remainder when 618 is divided by 23?
20
What is the remainder when 467 is divided by 102?
59
Calculate the remainder when 269 is divided by 64.
13
Calculate the remainder when 205 is divided by 10.
5
Calculate the remainder when 62 is divided by 13.
10
Calculate the remainder when 865 is divided by 28.
25
Calculate the remainder when 140 is divided by 47.
46
Calculate the remainder when 785 is divided by 22.
15
Calculate the remainder when 737 is divided by 247.
243
Calculate the remainder when 153 is divided by 75.
3
Calculate the remainder when 8845 is divided by 92.
13
Calculate the remainder when 1027 is divided by 153.
109
Calculate the remainder when 1318 is divided by 56.
30
Calculate the remainder when 308 is divided by 56.
28
Calculate the remainder when 674 is divided by 96.
2
Calculate the remainder when 325 is divided by 112.
101
Calculate the remainder when 509 is divided by 73.
71
What is the remainder when 281 is divided by 69?
5
Calculate the remainder when 142 is divided by 25.
17
What is the remainder when 25 is divided by 5?
0
Calculate the remainder when 125 is divided by 66.
59
Calculate the remainder when 18 is divided by 10.
8
What is the remainder when 1303 is divided by 47?
34
What is the remainder when 227 is divided by 40?
27
What is the remainder when 7173 is divided by 175?
173
What is the remainder when 1353 is divided by 24?
9
Calculate the remainder when 19651 is divided by 273.
268
Calculate the remainder when 48 is divided by 17.
14
What is the remainder when 272 is divided by 110?
52
Calculate the remainder when 101 is divided by 6.
5
What is the remainder when 54 is divided by 21?
12
Calculate the remainder when 991 is divided by 40.
31
What is the remainder when 1440 is divided by 377?
309
Calculate the remainder when 1290 is divided by 38.
36
What is the remainder when 193 is divided by 108?
85
Calculate the remainder when 188 is divided by 12.
8
Calculate the remainder when 40 is divided by 6.
4
Calculate the remainder when 948 is divided by 28.
24
Calculate the remainder when 377 is divided by 104.
65
What is the remainder when 139 is divided by 70?
69
Calculate the remainder when 1885 is divided by 135.
130
Calculate the remainder when 804 is divided by 43.
30
Calculate the remainder when 119 is divided by 8.
7
What is the remainder when 59 is divided by 26?
7
What is the remainder when 4078 is divided by 53?
50
What is the remainder when 186 is divided by 13?
4
What is the remainder when 206 is divided by 194?
12
What is the remainder when 1276 is divided by 117?
106
Calculate the remainder when 146 is divided by 21.
20
What is the remainder when 551 is divided by 140?
131
Calculate the remainder when 933 is divided by 17.
15
Calculate the remainder when 194 is divided by 34.
24
Calculate the remainder when 193 is divided by 106.
87
What is the remainder when 132 is divided by 38?
18
Calculate the remainder when 473 is divided by 158.
157
Calculate the remainder when 7976 is divided by 84.
80
Calculate the remainder when 985 is divided by 197.
0
Calculate the remainder when 732 is divided by 123.
117
Calculate the remainder when 104 is divided by 3.
2
What is the remainder when 20 is divided by 8?
4
What is the remainder when 508 is divided by 232?
44
Calculate the remainder when 87 is divided by 8.
7
What is the remainder when 332 is divided by 87?
71
What is the remainder when 183 is divided by 30?
3
What is the remainder when 208 is divided by 50?
8
Calculate the remainder when 2397 is divided by 102.
51
Calculate the remainder when 87 is divided by 30.
27
Calculate the remainder when 167 is divided by 87.
80
What is the remainder when 367 is divided by 132?
103
What is the remainder when 233 is divided by 37?
11
Calculate the remainder when 32 is divided by 9.
5
Calculate the remainder when 3092 is divided by 16.
4
What is the remainder when 467 is divided by 113?
15
Calculate the remainder when 4416 is divided by 68.
64
What is the remainder when 315 is divided by 152?
11
What is the remainder when 63 is divided by 18?
9
Calculate the remainder when 837 is divided by 277.
6
Calculate the remainder when 214 is divided by 44.
38
What is the remainder when 9075 is divided by 4536?
3
What is the remainder when 248 is divided by 21?
17
What is the remainder when 506 is divided by 159?
29
Calculate the remainder when 674 is divided by 22.
14
What is the remainder when 35 is divided by 18?
17
What is the remainder when 215 is divided by 50?
15
Calculate the remainder when 1524 is divided by 25.
24
What is the remainder when 105 is divided by 37?
31
What is the remainder when 64 is divided by 21?
1
Calculate the remainder when 40 is divided by 16.
8
Calculate the remainder when 136 is divided by 8.
0
What is the remainder when 1547 